67327?
3, 9901
List the prime factors of 166676.
2, 41669
List the prime factors of 2666254.
2, 523, 2549
What are the prime factors of 2352859?
149, 15791
What are the prime factors of 12122866?
2, 7, 79, 97, 113
List the prime factors of 154349.
13, 31, 383
What are the prime factors of 317696?
2, 17, 73
What are the prime factors of 2872313?
2872313
What are the prime factors of 149179?
241, 619
List the prime factors of 2767754.
2, 11, 11437
What are the prime factors of 552943?
23, 29, 829
What are the prime factors of 770924?
2, 7, 11, 2503
What are the prime factors of 3738629?
61, 167, 367
List the prime factors of 415883.
13, 31991
What are the prime factors of 932496?
2, 3, 19427
List the prime factors of 2035810.
2, 5, 7, 127, 229
List the prime factors of 2491614.
2, 3, 46141
List the prime factors of 31766.
2, 7, 2269
List the prime factors of 4885318.
2, 19, 59, 2179
What are the prime factors of 2218379?
173, 12823
What are the prime factors of 2708944?
2, 7, 19, 67
What are the prime factors of 23104?
2, 19
List the prime factors of 33507322.
2, 239, 70099
List the prime factors of 79449.
3, 71, 373
List the prime factors of 1072190.
2, 5, 7, 17, 53
What are the prime factors of 264702?
2, 3, 157, 281
What are the prime factors of 8338907?
31, 268997
List the prime factors of 89991.
3, 11, 101
List the prime factors of 198759.
3, 11, 19, 317
What are the prime factors of 3207765?
3, 5, 11, 19441
List the prime factors of 10023243.
3, 307, 10883
List the prime factors of 26840263.
17, 1578839
List the prime factors of 6090380.
2, 5, 71, 4289
What are the prime factors of 387720?
2, 3, 5, 359
List the prime factors of 119444.
2, 13, 2297
List the prime factors of 320871.
3, 106957
List the prime factors of 34768.
2, 41, 53
List the prime factors of 4031764.
2, 11, 91631
List the prime factors of 299319.
3, 17, 5869
List the prime factors of 15045909.
3, 1559, 3217
List the prime factors of 12649291.
12649291
List the prime factors of 30647262.
2, 3, 151, 33827
What are the prime factors of 47067?
3, 29, 541
What are the prime factors of 24891?
3, 8297
List the prime factors of 2794056.
2, 3, 47, 2477
What are the prime factors of 2187367?
7, 13, 43
What are the prime factors of 181748?
2, 7, 6491
List the prime factors of 981318.
2, 3, 13, 23, 547
What are the prime factors of 202052?
2, 50513
What are the prime factors of 7682690?
2, 5, 23, 33403
What are the prime factors of 3423002?
2, 11, 19, 431
List the prime factors of 12251361.
3, 4083787
List the prime factors of 148448.
2, 4639
What are the prime factors of 257626?
2, 128813
What are the prime factors of 157022?
2, 78511
What are the prime factors of 5327?
7, 761
List the prime factors of 24207068.
2, 47, 128761
What are the prime factors of 2146615?
5, 373, 1151
List the prime factors of 73500.
2, 3, 5, 7
What are the prime factors of 181661?
59, 3079
List the prime factors of 319565.
5, 63913
List the prime factors of 365100.
2, 3, 5, 1217
What are the prime factors of 1499457?
3, 499819
List the prime factors of 10011504.
2, 3, 17, 12269
List the prime factors of 628478.
2, 314239
What are the prime factors of 582549?
3, 11, 127, 139
List the prime factors of 228067.
7, 31, 1051
What are the prime factors of 1309967?
31, 42257
List the prime factors of 1227213.
3, 13, 17, 617
What are the prime factors of 19012095?
3, 5, 647, 653
What are the prime factors of 390990?
2, 3, 5, 13033
What are the prime factors of 2954759?
277, 10667
What are the prime factors of 1030245?
3, 5, 68683
List the prime factors of 540930.
2, 3, 5, 13, 19, 73
What are the prime factors of 4632792?
2, 3, 137, 1409
List the prime factors of 11889650.
2, 5, 401, 593
What are the prime factors of 598817?
598817
What are the prime factors of 1891390?
2, 5, 189139
What are the prime factors of 103545?
3, 5, 13, 59
List the prime factors of 6219013.
59, 105407
What are the prime factors of 239220?
2, 3, 5, 443
What are the prime factors of 607833?
3, 67537
List the prime factors of 133540.
2, 5, 11, 607
What are the prime factors of 3915634?
2, 19, 103043
List the prime factors of 44572782.
2, 3, 281, 26437
What are the prime factors of 261397?
43, 6079
List the prime factors of 763459.
101, 7559
What are the prime factors of 19913?
19913
List the prime factors of 360100.
2, 5, 13, 277
What are the prime factors of 2192348?
2, 157, 3491
What are the prime factors of 16939?
13, 1303
What are the prime factors of 44583?
3, 7, 11, 193
What are the prime factors of 728398?
2, 11, 113, 293
What are the prime factors of 6331864?
2, 7, 11, 19, 541
List the prime factors of 1834615.
5, 366923
List the prime factors of 4056514.
2, 7, 11, 53, 71
List the prime factors of 87808.
2, 7
List the prime factors of 2547107.
2547107
What are the prime factors of 2643392?
2, 103, 401
What are the prime factors of 7168963?
7168963
What are the prime factors of 1646768?
2, 19, 5417
List the prime factors of 3655275.
3, 5, 13, 23, 163
List the prime factors of 1022816.
2, 31963
What are the prime factors of 572522?
2, 293, 977
List the prime factors of 204859.
204859
What are the prime factors of 1478860?
2, 5, 73943
What are the prime factors of 14354?
2, 7177
List the prime factors of 3659970.
2, 3, 5, 19, 6421
List the prime factors of 23579684.
2, 19, 449, 691
What are the prime factors of 704819?
704819
What are the prime factors of 2070095?
5, 414019
List the prime factors of 115995.
3, 5, 11, 19, 37
What are the prime factors of 754617?
3, 251539
List the prime factors of 1041862.
2, 17, 30643
What are the prime factors of 5836371?
3, 1945457
What are the prime factors of 1488356?
2, 83, 4483
What are the prime factors of 12205830?
2, 3, 5, 7, 13, 17, 263
List the prime factors of 246912.
2, 3, 643
List the prime factors of 3292150.
2, 5, 65843
What are the prime factors of 1067683?
23, 61, 761
What are the prime factors of 35271869?
503, 70123
List the prime factors of 338840.
2, 5, 43, 197
List the prime factors of 1416544.
2, 44267
List the prime factors of 17676491.
7, 37, 139, 491
List the prime factors of 6299586.
2, 3, 43, 2713
List the prime factors of 115664.
2, 7229
What are the prime factors of 475475?
5, 7, 11, 13, 19
List the prime factors of 2192429.
19, 23, 29, 173
What are the prime factors of 3101596?
2, 23, 33713
What are the prime factors of 554521?
11, 50411
List the prime factors of 1845132.
2, 3, 179, 859
What are the prime factors of 982378?
2, 43, 11423
What are the prime factors of 451406?
2, 79, 2857
List the prime factors of 4667327.
7, 71, 9391
List the prime factors of 194252.
2, 48563
What are the prime factors of 108374?
2, 7, 7741
What are the prime factors of 625558?
2, 312779
What are the prime factors of 458793?
3, 19, 2683
What are the prime factors of 2148818?
2, 7, 153487
List the prime factors of 1454194.
2, 7, 241, 431
List the prime factors of 518306.
2, 337, 769
What are the prime factors of 246938?
2, 37, 47, 71
List the prime factors of 40213788.
2, 3, 127, 26387
List the prime factors of 186011.
7, 26573
What are the prime factors of 12784602?
2, 3, 2130767
List the prime factors of 29624.
2, 7, 23
List the prime factors of 705216.
2, 3, 3673
List the prime factors of 314842.
2, 11, 1301
What are the prime factors of 13413?
3, 17, 263
List the prime factors of 151242.
2, 3, 7, 13, 277
What are the prime factors of 20115867?
3, 101, 197, 337
List the prime factors of 218079.
3, 41, 197
List the prime factors of 820780.
2, 5, 41039
What are the prime factors of 345090?
2, 3, 5, 11503
List the prime factors of 1049515.
5, 79, 2657
List the prime factors of 1493824.
2, 17, 1373
List the prime factors of 163093.
7, 23, 1013
List the prime factors of 11994342.
2, 3, 29, 2377
What are the prime factors of 6430639?
23, 279593
List the prime factors of 6960217.
11, 632747
List the prime factors of 417546.
2, 3, 23197
List the prime factors of 17657886.
2, 3, 2942981
What are the prime factors of 517044?
2, 3, 11, 3917
What are the prime factors of 3706308?
2, 3, 102953
What are the prime factors of 3569400?
2, 3, 5, 661
List the prime factors of 12764669.
29, 179, 2459
What are the prime factors of 599647?
223, 2689
What are the prime factors of 9294405?
3, 5, 257, 2411
Lis